{"id":1999,"date":"2022-09-05T18:09:22","date_gmt":"2022-09-05T16:09:22","guid":{"rendered":"https:\/\/leschiffonniersmorlaix.fr\/?page_id=1999"},"modified":"2025-04-13T12:41:19","modified_gmt":"2025-04-13T10:41:19","slug":"lassociation-2","status":"publish","type":"page","link":"https:\/\/leschiffonniersmorlaix.fr\/?page_id=1999","title":{"rendered":"L&rsquo;Association&#8230;"},"content":{"rendered":"\n<div class=\"wp-block-jetpack-slideshow aligncenter\" data-effect=\"slide\"><div class=\"wp-block-jetpack-slideshow_container swiper-container\"><ul class=\"wp-block-jetpack-slideshow_swiper-wrapper swiper-wrapper\"><li class=\"wp-block-jetpack-slideshow_slide swiper-slide\"><figure><img loading=\"lazy\" decoding=\"async\" width=\"1024\" height=\"572\" alt=\"\" class=\"wp-block-jetpack-slideshow_image wp-image-1932\" data-id=\"1932\" src=\"https:\/\/leschiffonniersmorlaix.fr\/wp-content\/uploads\/2022\/08\/1-1024x572.jpg\" srcset=\"https:\/\/leschiffonniersmorlaix.fr\/wp-content\/uploads\/2022\/08\/1-1024x572.jpg 1024w, https:\/\/leschiffonniersmorlaix.fr\/wp-content\/uploads\/2022\/08\/1-300x168.jpg 300w, https:\/\/leschiffonniersmorlaix.fr\/wp-content\/uploads\/2022\/08\/1-768x429.jpg 768w, https:\/\/leschiffonniersmorlaix.fr\/wp-content\/uploads\/2022\/08\/1-1536x859.jpg 1536w, https:\/\/leschiffonniersmorlaix.fr\/wp-content\/uploads\/2022\/08\/1-2048x1145.jpg 2048w, https:\/\/leschiffonniersmorlaix.fr\/wp-content\/uploads\/2022\/08\/1-1200x671.jpg 1200w\" sizes=\"(max-width: 709px) 85vw, (max-width: 909px) 67vw, (max-width: 1362px) 62vw, 840px\" \/><\/figure><\/li><li class=\"wp-block-jetpack-slideshow_slide swiper-slide\"><figure><img loading=\"lazy\" decoding=\"async\" width=\"800\" height=\"399\" alt=\"\" class=\"wp-block-jetpack-slideshow_image wp-image-2001\" data-id=\"2001\" src=\"https:\/\/leschiffonniersmorlaix.fr\/wp-content\/uploads\/2022\/08\/P1350241.jpg\" srcset=\"https:\/\/leschiffonniersmorlaix.fr\/wp-content\/uploads\/2022\/08\/P1350241.jpg 800w, https:\/\/leschiffonniersmorlaix.fr\/wp-content\/uploads\/2022\/08\/P1350241-300x150.jpg 300w, https:\/\/leschiffonniersmorlaix.fr\/wp-content\/uploads\/2022\/08\/P1350241-768x383.jpg 768w\" sizes=\"(max-width: 800px) 85vw, 800px\" \/><\/figure><\/li><li class=\"wp-block-jetpack-slideshow_slide swiper-slide\"><figure><img loading=\"lazy\" decoding=\"async\" width=\"800\" height=\"390\" alt=\"\" class=\"wp-block-jetpack-slideshow_image wp-image-2003\" data-id=\"2003\" src=\"https:\/\/leschiffonniersmorlaix.fr\/wp-content\/uploads\/2022\/08\/P1310790.jpg\" srcset=\"https:\/\/leschiffonniersmorlaix.fr\/wp-content\/uploads\/2022\/08\/P1310790.jpg 800w, https:\/\/leschiffonniersmorlaix.fr\/wp-content\/uploads\/2022\/08\/P1310790-300x146.jpg 300w, https:\/\/leschiffonniersmorlaix.fr\/wp-content\/uploads\/2022\/08\/P1310790-768x374.jpg 768w\" sizes=\"(max-width: 800px) 85vw, 800px\" \/><\/figure><\/li><li class=\"wp-block-jetpack-slideshow_slide swiper-slide\"><figure><img loading=\"lazy\" decoding=\"async\" width=\"800\" height=\"345\" alt=\"\" class=\"wp-block-jetpack-slideshow_image wp-image-2097\" data-id=\"2097\" src=\"https:\/\/leschiffonniersmorlaix.fr\/wp-content\/uploads\/2022\/09\/P1400025.jpg\" srcset=\"https:\/\/leschiffonniersmorlaix.fr\/wp-content\/uploads\/2022\/09\/P1400025.jpg 800w, https:\/\/leschiffonniersmorlaix.fr\/wp-content\/uploads\/2022\/09\/P1400025-300x129.jpg 300w, https:\/\/leschiffonniersmorlaix.fr\/wp-content\/uploads\/2022\/09\/P1400025-768x331.jpg 768w\" sizes=\"(max-width: 800px) 85vw, 800px\" \/><\/figure><\/li><li class=\"wp-block-jetpack-slideshow_slide swiper-slide\"><figure><img loading=\"lazy\" decoding=\"async\" width=\"800\" height=\"356\" alt=\"\" class=\"wp-block-jetpack-slideshow_image wp-image-2098\" data-id=\"2098\" src=\"https:\/\/leschiffonniersmorlaix.fr\/wp-content\/uploads\/2022\/09\/P1400146.jpg\" srcset=\"https:\/\/leschiffonniersmorlaix.fr\/wp-content\/uploads\/2022\/09\/P1400146.jpg 800w, https:\/\/leschiffonniersmorlaix.fr\/wp-content\/uploads\/2022\/09\/P1400146-300x134.jpg 300w, https:\/\/leschiffonniersmorlaix.fr\/wp-content\/uploads\/2022\/09\/P1400146-768x342.jpg 768w\" sizes=\"(max-width: 800px) 85vw, 800px\" \/><\/figure><\/li><\/ul><a class=\"wp-block-jetpack-slideshow_button-prev swiper-button-prev swiper-button-white\" role=\"button\"><\/a><a class=\"wp-block-jetpack-slideshow_button-next swiper-button-next swiper-button-white\" role=\"button\"><\/a><a aria-label=\"Pause Slideshow\" class=\"wp-block-jetpack-slideshow_button-pause\" role=\"button\"><\/a><div class=\"wp-block-jetpack-slideshow_pagination swiper-pagination swiper-pagination-white\"><\/div><\/div><\/div>\n\n\n\n<h2 class=\"wp-block-heading has-white-color has-dark-gray-background-color has-text-color has-background\">Un projet social, \u00e9conomique et environnemental<\/h2>\n\n\n\n<p class=\"has-text-align-justify has-medium-font-size\">L\u2019association Les Chiffonniers de la Joie a \u00e9t\u00e9 cr\u00e9\u00e9e en 1984 et est devenue l&rsquo;ACOAT, Association Citoyenne Ouvri\u00e8re d&rsquo;Aide par le Travail, en 2003.<br><br>En 2010 l&rsquo;association s&rsquo;est install\u00e9e au 74 route de Callac \u00e0 Morlaix.<br><br>Les missions principales de l&rsquo;association sont :<br><br># Lutter contre l\u2019exclusion, l\u2019isolement et la pauvret\u00e9 en cr\u00e9ant du lien social et en favorisant l\u2019entraide<br><br># Favoriser la participation et l\u2019implication dans l\u2019association en d\u00e9veloppant le pouvoir d\u2019agir<br><br># Favoriser l\u2019insertion des personnes en situation d\u2019exclusion sociale et professionnelle<br><br># Favoriser la r\u00e9duction des d\u00e9chets \u00e0 travers le r\u00e9emploi, le recyclage, la sensibilisation des publics<br><\/p>\n\n\n\n<div class=\"wp-block-columns is-layout-flex wp-container-core-columns-is-layout-9d6595d7 wp-block-columns-is-layout-flex\">\n<div class=\"wp-block-column is-layout-flow wp-block-column-is-layout-flow\">\n<figure class=\"wp-block-image size-full\"><img loading=\"lazy\" decoding=\"async\" width=\"600\" height=\"800\" src=\"https:\/\/leschiffonniersmorlaix.fr\/wp-content\/uploads\/2022\/09\/P1380641.jpg\" alt=\"\" class=\"wp-image-2068\" srcset=\"https:\/\/leschiffonniersmorlaix.fr\/wp-content\/uploads\/2022\/09\/P1380641.jpg 600w, https:\/\/leschiffonniersmorlaix.fr\/wp-content\/uploads\/2022\/09\/P1380641-225x300.jpg 225w\" sizes=\"auto, (max-width: 600px) 85vw, 600px\" \/><\/figure>\n<\/div>\n\n\n\n<div class=\"wp-block-column is-layout-flow wp-block-column-is-layout-flow\">\n<figure class=\"wp-block-image size-full\"><img loading=\"lazy\" decoding=\"async\" width=\"600\" height=\"800\" src=\"https:\/\/leschiffonniersmorlaix.fr\/wp-content\/uploads\/2022\/09\/P1380736.jpg\" alt=\"\" class=\"wp-image-2069\" srcset=\"https:\/\/leschiffonniersmorlaix.fr\/wp-content\/uploads\/2022\/09\/P1380736.jpg 600w, https:\/\/leschiffonniersmorlaix.fr\/wp-content\/uploads\/2022\/09\/P1380736-225x300.jpg 225w\" sizes=\"auto, (max-width: 600px) 85vw, 600px\" \/><\/figure>\n<\/div>\n\n\n\n<div class=\"wp-block-column is-layout-flow wp-block-column-is-layout-flow\">\n<figure class=\"wp-block-image size-full\"><img loading=\"lazy\" decoding=\"async\" width=\"600\" height=\"800\" src=\"https:\/\/leschiffonniersmorlaix.fr\/wp-content\/uploads\/2022\/09\/P1390769.jpg\" alt=\"\" class=\"wp-image-2070\" srcset=\"https:\/\/leschiffonniersmorlaix.fr\/wp-content\/uploads\/2022\/09\/P1390769.jpg 600w, https:\/\/leschiffonniersmorlaix.fr\/wp-content\/uploads\/2022\/09\/P1390769-225x300.jpg 225w\" sizes=\"auto, (max-width: 600px) 85vw, 600px\" \/><\/figure>\n<\/div>\n<\/div>\n","protected":false},"excerpt":{"rendered":"<p>Un projet social, \u00e9conomique et environnemental L\u2019association Les Chiffonniers de la Joie a \u00e9t\u00e9 cr\u00e9\u00e9e en 1984 et est devenue l&rsquo;ACOAT, Association Citoyenne Ouvri\u00e8re d&rsquo;Aide par le Travail, en 2003. En 2010 l&rsquo;association s&rsquo;est install\u00e9e au 74 route de Callac \u00e0 Morlaix. Les missions principales de l&rsquo;association sont : # Lutter contre l\u2019exclusion, l\u2019isolement et &hellip; <a href=\"https:\/\/leschiffonniersmorlaix.fr\/?page_id=1999\" class=\"more-link\">Continuer la lecture<span class=\"screen-reader-text\"> de &laquo;&nbsp;L&rsquo;Association&#8230;&nbsp;&raquo;<\/span><\/a><\/p>\n","protected":false},"author":1,"featured_media":0,"parent":0,"menu_order":0,"comment_status":"closed","ping_status":"closed","template":"","meta":{"footnotes":""},"class_list":["post-1999","page","type-page","status-publish","hentry"],"jetpack_sharing_enabled":true,"_links":{"self":[{"href":"https:\/\/leschiffonniersmorlaix.fr\/index.php?rest_route=\/wp\/v2\/pages\/1999","targetHints":{"allow":["GET"]}}],"collection":[{"href":"https:\/\/leschiffonniersmorlaix.fr\/index.php?rest_route=\/wp\/v2\/pages"}],"about":[{"href":"https:\/\/leschiffonniersmorlaix.fr\/index.php?rest_route=\/wp\/v2\/types\/page"}],"author":[{"embeddable":true,"href":"https:\/\/leschiffonniersmorlaix.fr\/index.php?rest_route=\/wp\/v2\/users\/1"}],"replies":[{"embeddable":true,"href":"https:\/\/leschiffonniersmorlaix.fr\/index.php?rest_route=%2Fwp%2Fv2%2Fcomments&post=1999"}],"version-history":[{"count":10,"href":"https:\/\/leschiffonniersmorlaix.fr\/index.php?rest_route=\/wp\/v2\/pages\/1999\/revisions"}],"predecessor-version":[{"id":2532,"href":"https:\/\/leschiffonniersmorlaix.fr\/index.php?rest_route=\/wp\/v2\/pages\/1999\/revisions\/2532"}],"wp:attachment":[{"href":"https:\/\/leschiffonniersmorlaix.fr\/index.php?rest_route=%2Fwp%2Fv2%2Fmedia&parent=1999"}],"curies":[{"name":"wp","href":"https:\/\/api.w.org\/{rel}","templated":true}]}}