{"id":1948,"date":"2022-08-08T16:29:15","date_gmt":"2022-08-08T14:29:15","guid":{"rendered":"https:\/\/leschiffonniersmorlaix.fr\/?page_id=1948"},"modified":"2025-04-14T10:24:27","modified_gmt":"2025-04-14T08:24:27","slug":"le-magasin-2","status":"publish","type":"page","link":"https:\/\/leschiffonniersmorlaix.fr\/?page_id=1948","title":{"rendered":"Le Magasin solidaire"},"content":{"rendered":"<p>Notre magasin solidaire est l\u2019aboutissement du travail de valorisation de la mati\u00e8re. IL se compose de plusieurs secteurs qui regroupent les familles d\u2019objets :<\/p>\n\n\n\n\n<ul class=\"wp-block-list\">\n<li>Le bric \u00e0 brac (la vaisselle, les cadres, les bibelots\u2026)<\/li>\n<\/ul>\n\n\n\n<ul class=\"wp-block-list\">\n<li>L\u2019\u00e9lectro (les luminaires, les petits et gros appareils \u00e9lectrom\u00e9nagers, la hifi et les \u00e9crans\u2026)&nbsp;;<\/li>\n<\/ul>\n\n\n\n<ul class=\"wp-block-list\">\n<li>Le mobilier et la literie&nbsp;;<\/li>\n<\/ul>\n\n\n\n<ul class=\"wp-block-list\">\n<li>L\u2019outillage et bricolage&nbsp;;<\/li>\n<\/ul>\n\n\n\n<ul class=\"wp-block-list\">\n<li>Les accessoires de sports et de loisirs&nbsp;;<\/li>\n<\/ul>\n\n\n\n<ul class=\"wp-block-list\">\n<li>Les jouets&nbsp;;<\/li>\n<\/ul>\n\n\n\n<ul class=\"wp-block-list\">\n<li>La culture&nbsp;(livres, CD, vinyles\u2026) ;<\/li>\n<\/ul>\n\n\n\n<ul class=\"wp-block-list\">\n<li>La mercerie (linge de maison, accessoires de couture\u2026)&nbsp;;<\/li>\n<\/ul>\n\n\n\n<ul class=\"wp-block-list\">\n<li>La friperie&nbsp;;<\/li>\n<\/ul>\n\n\n\n<ul class=\"wp-block-list\">\n<li>La vitrine (meubles issus de l\u2019atelier cr\u00e9ation, d\u00e9co, bijoux, vaisselle\u2026)<br><\/li>\n<\/ul>\n\n\n\n<p>Chaque rayon dispose d\u2019un point de vente et conseils. Nous pratiquons une politique de prix solidaire afin de permettre \u00e0 chacun de s\u2019\u00e9quiper ou se v\u00eatir.<br><\/p>\n\n\n\n<p class=\"has-dark-red-color has-text-color\">Ce lieu d\u00e9di\u00e9 \u00e0 la vente est aussi un espace de vie sociale&nbsp;et de convivialit\u00e9, investi au quotidien par les b\u00e9n\u00e9voles. <br>Prendre le temps, se rencontrer, boire un caf\u00e9, proposer un atelier (couture, crochet, fabrication de produits d\u2019entretien naturels, d\u00e9couverte de la c\u00e9ramique\u2026) font partie int\u00e9grante de la Ressourcerie.<\/p>\n\n\n\n<p class=\"has-dark-red-color has-text-color\"><\/p>\n\n\n\n<p class=\"has-dark-red-color has-text-color\"><\/p>\n\n\n\n<\/p>\n<hr>\n<p>\n\n\n\n<p class=\"has-text-align-justify\"><\/p>\n\n\n\n<div class=\"wp-block-columns is-layout-flex wp-container-core-columns-is-layout-9d6595d7 wp-block-columns-is-layout-flex\">\n<div class=\"wp-block-column is-layout-flow wp-block-column-is-layout-flow\">\n<figure class=\"wp-block-image size-full\"><img loading=\"lazy\" decoding=\"async\" width=\"600\" height=\"800\" src=\"https:\/\/leschiffonniersmorlaix.fr\/wp-content\/uploads\/2022\/08\/P1380484.jpg\" alt=\"\" class=\"wp-image-1949\" srcset=\"https:\/\/leschiffonniersmorlaix.fr\/wp-content\/uploads\/2022\/08\/P1380484.jpg 600w, https:\/\/leschiffonniersmorlaix.fr\/wp-content\/uploads\/2022\/08\/P1380484-225x300.jpg 225w\" sizes=\"auto, (max-width: 600px) 85vw, 600px\" \/><\/figure>\n<\/div>\n\n\n\n<div class=\"wp-block-column is-layout-flow wp-block-column-is-layout-flow\">\n<figure class=\"wp-block-image size-full\"><img loading=\"lazy\" decoding=\"async\" width=\"600\" height=\"800\" src=\"https:\/\/leschiffonniersmorlaix.fr\/wp-content\/uploads\/2022\/08\/Pch-112.jpg\" alt=\"\" class=\"wp-image-1950\" srcset=\"https:\/\/leschiffonniersmorlaix.fr\/wp-content\/uploads\/2022\/08\/Pch-112.jpg 600w, https:\/\/leschiffonniersmorlaix.fr\/wp-content\/uploads\/2022\/08\/Pch-112-225x300.jpg 225w\" sizes=\"auto, (max-width: 600px) 85vw, 600px\" \/><\/figure>\n<\/div>\n\n\n\n<div class=\"wp-block-column is-layout-flow wp-block-column-is-layout-flow\">\n<figure class=\"wp-block-image size-full\"><img loading=\"lazy\" decoding=\"async\" width=\"600\" height=\"800\" src=\"https:\/\/leschiffonniersmorlaix.fr\/wp-content\/uploads\/2022\/08\/Pch-127.jpg\" alt=\"\" class=\"wp-image-1951\" srcset=\"https:\/\/leschiffonniersmorlaix.fr\/wp-content\/uploads\/2022\/08\/Pch-127.jpg 600w, https:\/\/leschiffonniersmorlaix.fr\/wp-content\/uploads\/2022\/08\/Pch-127-225x300.jpg 225w\" sizes=\"auto, (max-width: 600px) 85vw, 600px\" \/><\/figure>\n<\/div>\n<\/div>\n\n\n\n<div class=\"wp-block-columns is-layout-flex wp-container-core-columns-is-layout-9d6595d7 wp-block-columns-is-layout-flex\">\n<div class=\"wp-block-column is-layout-flow wp-block-column-is-layout-flow\">\n<figure class=\"wp-block-image size-full\"><img loading=\"lazy\" decoding=\"async\" width=\"600\" height=\"800\" src=\"https:\/\/leschiffonniersmorlaix.fr\/wp-content\/uploads\/2022\/08\/Pch-143.jpg\" alt=\"\" class=\"wp-image-1952\" srcset=\"https:\/\/leschiffonniersmorlaix.fr\/wp-content\/uploads\/2022\/08\/Pch-143.jpg 600w, https:\/\/leschiffonniersmorlaix.fr\/wp-content\/uploads\/2022\/08\/Pch-143-225x300.jpg 225w\" sizes=\"auto, (max-width: 600px) 85vw, 600px\" \/><\/figure>\n<\/div>\n\n\n\n<div class=\"wp-block-column is-layout-flow wp-block-column-is-layout-flow\">\n<figure class=\"wp-block-image size-full\"><img loading=\"lazy\" decoding=\"async\" width=\"600\" height=\"800\" src=\"https:\/\/leschiffonniersmorlaix.fr\/wp-content\/uploads\/2022\/08\/Pch-152.jpg\" alt=\"\" class=\"wp-image-1953\" srcset=\"https:\/\/leschiffonniersmorlaix.fr\/wp-content\/uploads\/2022\/08\/Pch-152.jpg 600w, https:\/\/leschiffonniersmorlaix.fr\/wp-content\/uploads\/2022\/08\/Pch-152-225x300.jpg 225w\" sizes=\"auto, (max-width: 600px) 85vw, 600px\" \/><\/figure>\n<\/div>\n\n\n\n<div class=\"wp-block-column is-layout-flow wp-block-column-is-layout-flow\">\n<figure class=\"wp-block-image size-full\"><img loading=\"lazy\" decoding=\"async\" width=\"600\" height=\"800\" src=\"https:\/\/leschiffonniersmorlaix.fr\/wp-content\/uploads\/2022\/08\/Pch-163.jpg\" alt=\"\" class=\"wp-image-1954\" srcset=\"https:\/\/leschiffonniersmorlaix.fr\/wp-content\/uploads\/2022\/08\/Pch-163.jpg 600w, https:\/\/leschiffonniersmorlaix.fr\/wp-content\/uploads\/2022\/08\/Pch-163-225x300.jpg 225w\" sizes=\"auto, (max-width: 600px) 85vw, 600px\" \/><\/figure>\n<\/div>\n<\/div>\n\n\n<\/p>","protected":false},"excerpt":{"rendered":"<p>Notre magasin solidaire est l\u2019aboutissement du travail de valorisation de la mati\u00e8re. IL se compose de plusieurs secteurs qui regroupent les familles d\u2019objets : Chaque rayon dispose d\u2019un point de vente et conseils. Nous pratiquons une politique de prix solidaire afin de permettre \u00e0 chacun de s\u2019\u00e9quiper ou se v\u00eatir. Ce lieu d\u00e9di\u00e9 \u00e0 la &hellip; <a href=\"https:\/\/leschiffonniersmorlaix.fr\/?page_id=1948\" class=\"more-link\">Continuer la lecture<span class=\"screen-reader-text\"> de &laquo;&nbsp;Le Magasin solidaire&nbsp;&raquo;<\/span><\/a><\/p>\n","protected":false},"author":1,"featured_media":0,"parent":0,"menu_order":0,"comment_status":"closed","ping_status":"closed","template":"","meta":{"footnotes":""},"class_list":["post-1948","page","type-page","status-publish","hentry"],"jetpack_sharing_enabled":true,"_links":{"self":[{"href":"https:\/\/leschiffonniersmorlaix.fr\/index.php?rest_route=\/wp\/v2\/pages\/1948","targetHints":{"allow":["GET"]}}],"collection":[{"href":"https:\/\/leschiffonniersmorlaix.fr\/index.php?rest_route=\/wp\/v2\/pages"}],"about":[{"href":"https:\/\/leschiffonniersmorlaix.fr\/index.php?rest_route=\/wp\/v2\/types\/page"}],"author":[{"embeddable":true,"href":"https:\/\/leschiffonniersmorlaix.fr\/index.php?rest_route=\/wp\/v2\/users\/1"}],"replies":[{"embeddable":true,"href":"https:\/\/leschiffonniersmorlaix.fr\/index.php?rest_route=%2Fwp%2Fv2%2Fcomments&post=1948"}],"version-history":[{"count":18,"href":"https:\/\/leschiffonniersmorlaix.fr\/index.php?rest_route=\/wp\/v2\/pages\/1948\/revisions"}],"predecessor-version":[{"id":2534,"href":"https:\/\/leschiffonniersmorlaix.fr\/index.php?rest_route=\/wp\/v2\/pages\/1948\/revisions\/2534"}],"wp:attachment":[{"href":"https:\/\/leschiffonniersmorlaix.fr\/index.php?rest_route=%2Fwp%2Fv2%2Fmedia&parent=1948"}],"curies":[{"name":"wp","href":"https:\/\/api.w.org\/{rel}","templated":true}]}}