{"id":1278,"date":"2020-02-26T16:45:09","date_gmt":"2020-02-26T15:45:09","guid":{"rendered":"http:\/\/leschiffonniersmorlaix.fr\/?page_id=1278"},"modified":"2025-04-13T12:29:33","modified_gmt":"2025-04-13T10:29:33","slug":"les-benevoles","status":"publish","type":"page","link":"https:\/\/leschiffonniersmorlaix.fr\/?page_id=1278","title":{"rendered":"Les B\u00e9n\u00e9voles"},"content":{"rendered":"\n<figure class=\"wp-block-gallery has-nested-images columns-default is-cropped wp-block-gallery-1 is-layout-flex wp-block-gallery-is-layout-flex\">\n<figure class=\"wp-block-image size-full\"><img loading=\"lazy\" decoding=\"async\" width=\"600\" height=\"800\" data-id=\"2111\" src=\"https:\/\/leschiffonniersmorlaix.fr\/wp-content\/uploads\/2022\/09\/Pch-182.jpg\" alt=\"\" class=\"wp-image-2111\" srcset=\"https:\/\/leschiffonniersmorlaix.fr\/wp-content\/uploads\/2022\/09\/Pch-182.jpg 600w, https:\/\/leschiffonniersmorlaix.fr\/wp-content\/uploads\/2022\/09\/Pch-182-225x300.jpg 225w\" sizes=\"auto, (max-width: 600px) 85vw, 600px\" \/><\/figure>\n\n\n\n<figure class=\"wp-block-image size-full\"><img loading=\"lazy\" decoding=\"async\" width=\"600\" height=\"800\" data-id=\"2113\" src=\"https:\/\/leschiffonniersmorlaix.fr\/wp-content\/uploads\/2022\/09\/Pch-120.jpg\" alt=\"\" class=\"wp-image-2113\" srcset=\"https:\/\/leschiffonniersmorlaix.fr\/wp-content\/uploads\/2022\/09\/Pch-120.jpg 600w, https:\/\/leschiffonniersmorlaix.fr\/wp-content\/uploads\/2022\/09\/Pch-120-225x300.jpg 225w\" sizes=\"auto, (max-width: 600px) 85vw, 600px\" \/><\/figure>\n\n\n\n<figure class=\"wp-block-image size-full\"><img loading=\"lazy\" decoding=\"async\" width=\"600\" height=\"800\" data-id=\"1888\" src=\"https:\/\/leschiffonniersmorlaix.fr\/wp-content\/uploads\/2022\/08\/P1360648-1.jpg\" alt=\"\" class=\"wp-image-1888\" srcset=\"https:\/\/leschiffonniersmorlaix.fr\/wp-content\/uploads\/2022\/08\/P1360648-1.jpg 600w, https:\/\/leschiffonniersmorlaix.fr\/wp-content\/uploads\/2022\/08\/P1360648-1-225x300.jpg 225w\" sizes=\"auto, (max-width: 600px) 85vw, 600px\" \/><\/figure>\n<\/figure>\n\n\n\n<p class=\"has-text-align-justify has-small-font-size\"><\/p>\n\n\n\n<p class=\"has-text-align-justify\">Les b\u00e9n\u00e9voles sont un maillon essentiel de notre association. Ils renforcent et soutiennent l\u2019\u00e9quipe salari\u00e9e dans son activit\u00e9 quotidienne. Comp\u00e9tences techniques, manuelles, relationnelles\u2026 Chacun vient riche de son parcours et de son histoire.<br><br>Pour certains, c\u2019est l\u2019occasion de retrouver un rythme, de rencontrer du monde, sortir de l\u2019isolement, \u00eatre accompagn\u00e9s dans son parcours.. Pour d\u2019autres, une utilit\u00e9 sociale ou un engagement \u00a0environnemental.<br><br>L\u2019activit\u00e9 b\u00e9n\u00e9vole se fait du mardi au vendredi entre 9h et 12h, et entre 13h30 et 17h, et le samedi de 10h \u00e0 12h30 et de 13h30 \u00e0 17h.<\/p>\n\n\n\n<figure class=\"wp-block-image size-full\"><img loading=\"lazy\" decoding=\"async\" width=\"800\" height=\"411\" src=\"https:\/\/leschiffonniersmorlaix.fr\/wp-content\/uploads\/2022\/09\/P1400193.jpg\" alt=\"\" class=\"wp-image-2152\" srcset=\"https:\/\/leschiffonniersmorlaix.fr\/wp-content\/uploads\/2022\/09\/P1400193.jpg 800w, https:\/\/leschiffonniersmorlaix.fr\/wp-content\/uploads\/2022\/09\/P1400193-300x154.jpg 300w, https:\/\/leschiffonniersmorlaix.fr\/wp-content\/uploads\/2022\/09\/P1400193-768x395.jpg 768w\" sizes=\"auto, (max-width: 800px) 85vw, 800px\" \/><\/figure>\n\n\n\n<div class=\"wp-block-columns is-layout-flex wp-container-core-columns-is-layout-9d6595d7 wp-block-columns-is-layout-flex\">\n<div class=\"wp-block-column is-layout-flow wp-block-column-is-layout-flow\">\n<figure class=\"wp-block-image size-full\"><img loading=\"lazy\" decoding=\"async\" width=\"600\" height=\"800\" src=\"https:\/\/leschiffonniersmorlaix.fr\/wp-content\/uploads\/2022\/09\/Pch-110.jpg\" alt=\"\" class=\"wp-image-2116\" srcset=\"https:\/\/leschiffonniersmorlaix.fr\/wp-content\/uploads\/2022\/09\/Pch-110.jpg 600w, https:\/\/leschiffonniersmorlaix.fr\/wp-content\/uploads\/2022\/09\/Pch-110-225x300.jpg 225w\" sizes=\"auto, (max-width: 600px) 85vw, 600px\" \/><\/figure>\n<\/div>\n\n\n\n<div class=\"wp-block-column is-layout-flow wp-block-column-is-layout-flow\">\n<figure class=\"wp-block-image size-full\"><img loading=\"lazy\" decoding=\"async\" width=\"600\" height=\"800\" src=\"https:\/\/leschiffonniersmorlaix.fr\/wp-content\/uploads\/2022\/09\/P1360107.jpg\" alt=\"\" class=\"wp-image-2117\" srcset=\"https:\/\/leschiffonniersmorlaix.fr\/wp-content\/uploads\/2022\/09\/P1360107.jpg 600w, https:\/\/leschiffonniersmorlaix.fr\/wp-content\/uploads\/2022\/09\/P1360107-225x300.jpg 225w\" sizes=\"auto, (max-width: 600px) 85vw, 600px\" \/><\/figure>\n<\/div>\n\n\n\n<div class=\"wp-block-column is-layout-flow wp-block-column-is-layout-flow\">\n<figure class=\"wp-block-image size-full\"><img loading=\"lazy\" decoding=\"async\" width=\"600\" height=\"800\" src=\"https:\/\/leschiffonniersmorlaix.fr\/wp-content\/uploads\/2022\/09\/Pch-156.jpg\" alt=\"\" class=\"wp-image-2119\" srcset=\"https:\/\/leschiffonniersmorlaix.fr\/wp-content\/uploads\/2022\/09\/Pch-156.jpg 600w, https:\/\/leschiffonniersmorlaix.fr\/wp-content\/uploads\/2022\/09\/Pch-156-225x300.jpg 225w\" sizes=\"auto, (max-width: 600px) 85vw, 600px\" \/><\/figure>\n<\/div>\n<\/div>\n\n\n\n<p class=\"has-text-align-justify has-dark-gray-color has-text-color\">En \u00e9change de son investissement qu\u2019il aura choisi au sein de <a href=\"https:\/\/leschiffonniersmorlaix.fr\/?page_id=1999\">l\u2019association<\/a>, le b\u00e9n\u00e9vole b\u00e9n\u00e9ficiera du soutien du p\u00f4le social de la structure, s\u2019il le souhaite.<\/p>\n\n\n\n<ul class=\"wp-block-list\">\n<li>Un accompagnement global<\/li>\n\n\n\n<li>Le travail en collectivit\u00e9 \u00e0 la Ressourcerie<\/li>\n\n\n\n<li>La possibilit\u00e9 de se tourner \u00e0 tout moment vers une personne de confiance de l\u2019association.<\/li>\n<\/ul>\n\n\n\n<p class=\"has-text-align-justify has-small-font-size\"><strong><em>Afin de prot\u00e9ger ses droits et ses devoirs, une charte et un r\u00e8glement ont \u00e9t\u00e9 \u00e9labor\u00e9s. Le b\u00e9n\u00e9vole les signera d\u00e8s son arriv\u00e9e au sein de l\u2019association.<\/em><\/strong><\/p>\n\n\n<div class=\"wp-block-image\">\n<figure class=\"aligncenter size-full\"><img loading=\"lazy\" decoding=\"async\" width=\"800\" height=\"600\" src=\"https:\/\/leschiffonniersmorlaix.fr\/wp-content\/uploads\/2022\/09\/P1390355.jpg\" alt=\"\" class=\"wp-image-2115\" srcset=\"https:\/\/leschiffonniersmorlaix.fr\/wp-content\/uploads\/2022\/09\/P1390355.jpg 800w, https:\/\/leschiffonniersmorlaix.fr\/wp-content\/uploads\/2022\/09\/P1390355-300x225.jpg 300w, https:\/\/leschiffonniersmorlaix.fr\/wp-content\/uploads\/2022\/09\/P1390355-768x576.jpg 768w\" sizes=\"auto, (max-width: 800px) 85vw, 800px\" \/><\/figure>\n<\/div>","protected":false},"excerpt":{"rendered":"<p>Les b\u00e9n\u00e9voles sont un maillon essentiel de notre association. Ils renforcent et soutiennent l\u2019\u00e9quipe salari\u00e9e dans son activit\u00e9 quotidienne. Comp\u00e9tences techniques, manuelles, relationnelles\u2026 Chacun vient riche de son parcours et de son histoire. Pour certains, c\u2019est l\u2019occasion de retrouver un rythme, de rencontrer du monde, sortir de l\u2019isolement, \u00eatre accompagn\u00e9s dans son parcours.. Pour d\u2019autres, &hellip; <a href=\"https:\/\/leschiffonniersmorlaix.fr\/?page_id=1278\" class=\"more-link\">Continuer la lecture<span class=\"screen-reader-text\"> de &laquo;&nbsp;Les B\u00e9n\u00e9voles&nbsp;&raquo;<\/span><\/a><\/p>\n","protected":false},"author":2,"featured_media":0,"parent":0,"menu_order":0,"comment_status":"closed","ping_status":"closed","template":"","meta":{"footnotes":""},"class_list":["post-1278","page","type-page","status-publish","hentry"],"jetpack_sharing_enabled":true,"_links":{"self":[{"href":"https:\/\/leschiffonniersmorlaix.fr\/index.php?rest_route=\/wp\/v2\/pages\/1278","targetHints":{"allow":["GET"]}}],"collection":[{"href":"https:\/\/leschiffonniersmorlaix.fr\/index.php?rest_route=\/wp\/v2\/pages"}],"about":[{"href":"https:\/\/leschiffonniersmorlaix.fr\/index.php?rest_route=\/wp\/v2\/types\/page"}],"author":[{"embeddable":true,"href":"https:\/\/leschiffonniersmorlaix.fr\/index.php?rest_route=\/wp\/v2\/users\/2"}],"replies":[{"embeddable":true,"href":"https:\/\/leschiffonniersmorlaix.fr\/index.php?rest_route=%2Fwp%2Fv2%2Fcomments&post=1278"}],"version-history":[{"count":21,"href":"https:\/\/leschiffonniersmorlaix.fr\/index.php?rest_route=\/wp\/v2\/pages\/1278\/revisions"}],"predecessor-version":[{"id":2524,"href":"https:\/\/leschiffonniersmorlaix.fr\/index.php?rest_route=\/wp\/v2\/pages\/1278\/revisions\/2524"}],"wp:attachment":[{"href":"https:\/\/leschiffonniersmorlaix.fr\/index.php?rest_route=%2Fwp%2Fv2%2Fmedia&parent=1278"}],"curies":[{"name":"wp","href":"https:\/\/api.w.org\/{rel}","templated":true}]}}