{"id":1267,"date":"2020-02-26T16:05:10","date_gmt":"2020-02-26T15:05:10","guid":{"rendered":"http:\/\/leschiffonniersmorlaix.fr\/?page_id=1267"},"modified":"2024-12-05T10:59:40","modified_gmt":"2024-12-05T09:59:40","slug":"le-magasin","status":"publish","type":"page","link":"https:\/\/leschiffonniersmorlaix.fr\/?page_id=1267","title":{"rendered":"Le Magasin"},"content":{"rendered":"\n<p class=\"has-text-align-justify\"><strong><em>Une \u00e9quipe engag\u00e9e \u00e9voluant dans un espace de 2000 m\u00b2 collecte, trie, vend du mobilier, du linge, de la vaisselle, des livres, des DVD, de l\u2019\u00e9lectro\u2026<\/em><\/strong><\/p>\n\n\n\n<div class=\"wp-block-jetpack-slideshow aligncenter\" data-effect=\"slide\"><div class=\"wp-block-jetpack-slideshow_container swiper-container\"><ul class=\"wp-block-jetpack-slideshow_swiper-wrapper swiper-wrapper\"><li class=\"wp-block-jetpack-slideshow_slide swiper-slide\"><figure><img loading=\"lazy\" decoding=\"async\" width=\"796\" height=\"600\" alt=\"\" class=\"wp-block-jetpack-slideshow_image wp-image-249\" data-id=\"249\" src=\"http:\/\/leschiffonniersmorlaix.fr\/wp-content\/uploads\/2019\/10\/les-chiffonniers-magasin-1_5.jpg\" srcset=\"https:\/\/leschiffonniersmorlaix.fr\/wp-content\/uploads\/2019\/10\/les-chiffonniers-magasin-1_5.jpg 796w, https:\/\/leschiffonniersmorlaix.fr\/wp-content\/uploads\/2019\/10\/les-chiffonniers-magasin-1_5-400x302.jpg 400w, https:\/\/leschiffonniersmorlaix.fr\/wp-content\/uploads\/2019\/10\/les-chiffonniers-magasin-1_5-300x226.jpg 300w, https:\/\/leschiffonniersmorlaix.fr\/wp-content\/uploads\/2019\/10\/les-chiffonniers-magasin-1_5-768x579.jpg 768w\" sizes=\"(max-width: 796px) 85vw, 796px\" \/><\/figure><\/li><li class=\"wp-block-jetpack-slideshow_slide swiper-slide\"><figure><img loading=\"lazy\" decoding=\"async\" width=\"796\" height=\"600\" alt=\"\" class=\"wp-block-jetpack-slideshow_image wp-image-251\" data-id=\"251\" src=\"http:\/\/leschiffonniersmorlaix.fr\/wp-content\/uploads\/2019\/10\/les-chiffonniers-magasin-3_3.jpg\" srcset=\"https:\/\/leschiffonniersmorlaix.fr\/wp-content\/uploads\/2019\/10\/les-chiffonniers-magasin-3_3.jpg 796w, https:\/\/leschiffonniersmorlaix.fr\/wp-content\/uploads\/2019\/10\/les-chiffonniers-magasin-3_3-400x302.jpg 400w, https:\/\/leschiffonniersmorlaix.fr\/wp-content\/uploads\/2019\/10\/les-chiffonniers-magasin-3_3-300x226.jpg 300w, https:\/\/leschiffonniersmorlaix.fr\/wp-content\/uploads\/2019\/10\/les-chiffonniers-magasin-3_3-768x579.jpg 768w\" sizes=\"(max-width: 796px) 85vw, 796px\" \/><\/figure><\/li><li class=\"wp-block-jetpack-slideshow_slide swiper-slide\"><figure><img loading=\"lazy\" decoding=\"async\" width=\"800\" height=\"602\" alt=\"\" class=\"wp-block-jetpack-slideshow_image wp-image-867\" data-id=\"867\" src=\"http:\/\/leschiffonniersmorlaix.fr\/wp-content\/uploads\/2019\/12\/magasin-vetements-chiffonniers.jpg\" srcset=\"https:\/\/leschiffonniersmorlaix.fr\/wp-content\/uploads\/2019\/12\/magasin-vetements-chiffonniers.jpg 800w, https:\/\/leschiffonniersmorlaix.fr\/wp-content\/uploads\/2019\/12\/magasin-vetements-chiffonniers-400x301.jpg 400w, https:\/\/leschiffonniersmorlaix.fr\/wp-content\/uploads\/2019\/12\/magasin-vetements-chiffonniers-300x226.jpg 300w, https:\/\/leschiffonniersmorlaix.fr\/wp-content\/uploads\/2019\/12\/magasin-vetements-chiffonniers-768x578.jpg 768w\" sizes=\"(max-width: 800px) 85vw, 800px\" \/><\/figure><\/li><li class=\"wp-block-jetpack-slideshow_slide swiper-slide\"><figure><img loading=\"lazy\" decoding=\"async\" width=\"800\" height=\"602\" alt=\"\" class=\"wp-block-jetpack-slideshow_image wp-image-866\" data-id=\"866\" src=\"http:\/\/leschiffonniersmorlaix.fr\/wp-content\/uploads\/2019\/12\/magasin-vaisselle-chiffonniers.jpg\" srcset=\"https:\/\/leschiffonniersmorlaix.fr\/wp-content\/uploads\/2019\/12\/magasin-vaisselle-chiffonniers.jpg 800w, https:\/\/leschiffonniersmorlaix.fr\/wp-content\/uploads\/2019\/12\/magasin-vaisselle-chiffonniers-400x301.jpg 400w, https:\/\/leschiffonniersmorlaix.fr\/wp-content\/uploads\/2019\/12\/magasin-vaisselle-chiffonniers-300x226.jpg 300w, https:\/\/leschiffonniersmorlaix.fr\/wp-content\/uploads\/2019\/12\/magasin-vaisselle-chiffonniers-768x578.jpg 768w\" sizes=\"(max-width: 800px) 85vw, 800px\" \/><\/figure><\/li><li class=\"wp-block-jetpack-slideshow_slide swiper-slide\"><figure><img loading=\"lazy\" decoding=\"async\" width=\"800\" height=\"602\" alt=\"\" class=\"wp-block-jetpack-slideshow_image wp-image-865\" data-id=\"865\" src=\"http:\/\/leschiffonniersmorlaix.fr\/wp-content\/uploads\/2019\/12\/magasin-outillage-chiffonniers.jpg\" srcset=\"https:\/\/leschiffonniersmorlaix.fr\/wp-content\/uploads\/2019\/12\/magasin-outillage-chiffonniers.jpg 800w, https:\/\/leschiffonniersmorlaix.fr\/wp-content\/uploads\/2019\/12\/magasin-outillage-chiffonniers-400x301.jpg 400w, https:\/\/leschiffonniersmorlaix.fr\/wp-content\/uploads\/2019\/12\/magasin-outillage-chiffonniers-300x226.jpg 300w, https:\/\/leschiffonniersmorlaix.fr\/wp-content\/uploads\/2019\/12\/magasin-outillage-chiffonniers-768x578.jpg 768w\" sizes=\"(max-width: 800px) 85vw, 800px\" \/><\/figure><\/li><li class=\"wp-block-jetpack-slideshow_slide swiper-slide\"><figure><img loading=\"lazy\" decoding=\"async\" width=\"800\" height=\"602\" alt=\"\" class=\"wp-block-jetpack-slideshow_image wp-image-864\" data-id=\"864\" src=\"http:\/\/leschiffonniersmorlaix.fr\/wp-content\/uploads\/2019\/12\/magasin-mercerie-chiffonniers.jpg\" srcset=\"https:\/\/leschiffonniersmorlaix.fr\/wp-content\/uploads\/2019\/12\/magasin-mercerie-chiffonniers.jpg 800w, https:\/\/leschiffonniersmorlaix.fr\/wp-content\/uploads\/2019\/12\/magasin-mercerie-chiffonniers-400x301.jpg 400w, https:\/\/leschiffonniersmorlaix.fr\/wp-content\/uploads\/2019\/12\/magasin-mercerie-chiffonniers-300x226.jpg 300w, https:\/\/leschiffonniersmorlaix.fr\/wp-content\/uploads\/2019\/12\/magasin-mercerie-chiffonniers-768x578.jpg 768w\" sizes=\"(max-width: 800px) 85vw, 800px\" \/><\/figure><\/li><li class=\"wp-block-jetpack-slideshow_slide swiper-slide\"><figure><img loading=\"lazy\" decoding=\"async\" width=\"800\" height=\"602\" alt=\"\" class=\"wp-block-jetpack-slideshow_image wp-image-863\" data-id=\"863\" src=\"http:\/\/leschiffonniersmorlaix.fr\/wp-content\/uploads\/2019\/12\/magasin-mercerie-2-chiffonniers.jpg\" srcset=\"https:\/\/leschiffonniersmorlaix.fr\/wp-content\/uploads\/2019\/12\/magasin-mercerie-2-chiffonniers.jpg 800w, https:\/\/leschiffonniersmorlaix.fr\/wp-content\/uploads\/2019\/12\/magasin-mercerie-2-chiffonniers-400x301.jpg 400w, https:\/\/leschiffonniersmorlaix.fr\/wp-content\/uploads\/2019\/12\/magasin-mercerie-2-chiffonniers-300x226.jpg 300w, https:\/\/leschiffonniersmorlaix.fr\/wp-content\/uploads\/2019\/12\/magasin-mercerie-2-chiffonniers-768x578.jpg 768w\" sizes=\"(max-width: 800px) 85vw, 800px\" \/><\/figure><\/li><li class=\"wp-block-jetpack-slideshow_slide swiper-slide\"><figure><img loading=\"lazy\" decoding=\"async\" width=\"800\" height=\"602\" alt=\"\" class=\"wp-block-jetpack-slideshow_image wp-image-862\" data-id=\"862\" src=\"http:\/\/leschiffonniersmorlaix.fr\/wp-content\/uploads\/2019\/12\/magasin-linge-chiffonniers.jpg\" srcset=\"https:\/\/leschiffonniersmorlaix.fr\/wp-content\/uploads\/2019\/12\/magasin-linge-chiffonniers.jpg 800w, https:\/\/leschiffonniersmorlaix.fr\/wp-content\/uploads\/2019\/12\/magasin-linge-chiffonniers-400x301.jpg 400w, https:\/\/leschiffonniersmorlaix.fr\/wp-content\/uploads\/2019\/12\/magasin-linge-chiffonniers-300x226.jpg 300w, https:\/\/leschiffonniersmorlaix.fr\/wp-content\/uploads\/2019\/12\/magasin-linge-chiffonniers-768x578.jpg 768w\" sizes=\"(max-width: 800px) 85vw, 800px\" \/><\/figure><\/li><li class=\"wp-block-jetpack-slideshow_slide swiper-slide\"><figure><img loading=\"lazy\" decoding=\"async\" width=\"800\" height=\"602\" alt=\"\" class=\"wp-block-jetpack-slideshow_image wp-image-861\" data-id=\"861\" src=\"http:\/\/leschiffonniersmorlaix.fr\/wp-content\/uploads\/2019\/12\/magasin-librairie-chiffonniers.jpg\" srcset=\"https:\/\/leschiffonniersmorlaix.fr\/wp-content\/uploads\/2019\/12\/magasin-librairie-chiffonniers.jpg 800w, https:\/\/leschiffonniersmorlaix.fr\/wp-content\/uploads\/2019\/12\/magasin-librairie-chiffonniers-400x301.jpg 400w, https:\/\/leschiffonniersmorlaix.fr\/wp-content\/uploads\/2019\/12\/magasin-librairie-chiffonniers-300x226.jpg 300w, https:\/\/leschiffonniersmorlaix.fr\/wp-content\/uploads\/2019\/12\/magasin-librairie-chiffonniers-768x578.jpg 768w\" sizes=\"(max-width: 800px) 85vw, 800px\" \/><\/figure><\/li><li class=\"wp-block-jetpack-slideshow_slide swiper-slide\"><figure><img loading=\"lazy\" decoding=\"async\" width=\"800\" height=\"602\" alt=\"\" class=\"wp-block-jetpack-slideshow_image wp-image-860\" data-id=\"860\" src=\"http:\/\/leschiffonniersmorlaix.fr\/wp-content\/uploads\/2019\/12\/magasin-electro-chiffonniers.jpg\" srcset=\"https:\/\/leschiffonniersmorlaix.fr\/wp-content\/uploads\/2019\/12\/magasin-electro-chiffonniers.jpg 800w, https:\/\/leschiffonniersmorlaix.fr\/wp-content\/uploads\/2019\/12\/magasin-electro-chiffonniers-400x301.jpg 400w, https:\/\/leschiffonniersmorlaix.fr\/wp-content\/uploads\/2019\/12\/magasin-electro-chiffonniers-300x226.jpg 300w, https:\/\/leschiffonniersmorlaix.fr\/wp-content\/uploads\/2019\/12\/magasin-electro-chiffonniers-768x578.jpg 768w\" sizes=\"(max-width: 800px) 85vw, 800px\" \/><\/figure><\/li><li class=\"wp-block-jetpack-slideshow_slide swiper-slide\"><figure><img loading=\"lazy\" decoding=\"async\" width=\"796\" height=\"600\" alt=\"\" class=\"wp-block-jetpack-slideshow_image wp-image-253\" data-id=\"253\" src=\"http:\/\/leschiffonniersmorlaix.fr\/wp-content\/uploads\/2019\/10\/les-chiffonniers-magasin-5_1.jpg\" srcset=\"https:\/\/leschiffonniersmorlaix.fr\/wp-content\/uploads\/2019\/10\/les-chiffonniers-magasin-5_1.jpg 796w, https:\/\/leschiffonniersmorlaix.fr\/wp-content\/uploads\/2019\/10\/les-chiffonniers-magasin-5_1-400x302.jpg 400w, https:\/\/leschiffonniersmorlaix.fr\/wp-content\/uploads\/2019\/10\/les-chiffonniers-magasin-5_1-300x226.jpg 300w, https:\/\/leschiffonniersmorlaix.fr\/wp-content\/uploads\/2019\/10\/les-chiffonniers-magasin-5_1-768x579.jpg 768w\" sizes=\"(max-width: 796px) 85vw, 796px\" \/><\/figure><\/li><li class=\"wp-block-jetpack-slideshow_slide swiper-slide\"><figure><img loading=\"lazy\" decoding=\"async\" width=\"796\" height=\"600\" alt=\"\" class=\"wp-block-jetpack-slideshow_image wp-image-252\" data-id=\"252\" src=\"http:\/\/leschiffonniersmorlaix.fr\/wp-content\/uploads\/2019\/10\/les-chiffonniers-magasin-4_2.jpg\" srcset=\"https:\/\/leschiffonniersmorlaix.fr\/wp-content\/uploads\/2019\/10\/les-chiffonniers-magasin-4_2.jpg 796w, https:\/\/leschiffonniersmorlaix.fr\/wp-content\/uploads\/2019\/10\/les-chiffonniers-magasin-4_2-400x302.jpg 400w, https:\/\/leschiffonniersmorlaix.fr\/wp-content\/uploads\/2019\/10\/les-chiffonniers-magasin-4_2-300x226.jpg 300w, https:\/\/leschiffonniersmorlaix.fr\/wp-content\/uploads\/2019\/10\/les-chiffonniers-magasin-4_2-768x579.jpg 768w\" sizes=\"(max-width: 796px) 85vw, 796px\" \/><\/figure><\/li><\/ul><a class=\"wp-block-jetpack-slideshow_button-prev swiper-button-prev swiper-button-white\" role=\"button\"><\/a><a class=\"wp-block-jetpack-slideshow_button-next swiper-button-next swiper-button-white\" role=\"button\"><\/a><a aria-label=\"Pause Slideshow\" class=\"wp-block-jetpack-slideshow_button-pause\" role=\"button\"><\/a><div class=\"wp-block-jetpack-slideshow_pagination swiper-pagination swiper-pagination-white\"><\/div><\/div><\/div>\n\n\n\n<p class=\"has-text-align-justify has-dark-red-color has-text-color\"><strong>Le magasin,  route de Callac dispose d\u2019une diversit\u00e9 d\u2019objets hors du commun\u2026  Meubles, livres, vaisselle, outillage et tant de richesses insolites\u2026<\/strong><\/p>\n\n\n\n<p>Le magasin compte une dizaine de rayons dispatch\u00e9s comme suit:<\/p>\n\n\n\n<ul class=\"wp-block-list\">\n<li>L\u2019espace <strong>vaisselle et d\u00e9coration<\/strong> (assiettes, verres, cadres, bibelots etc\u2026)<\/li>\n\n\n\n<li>Le coin <strong>bijoux et accessoires<\/strong> (colliers, B.O, montres, broches etc\u2026)<\/li>\n\n\n\n<li><strong>La mercerie<\/strong> et linge de maison (rideaux, draps, aiguilles \u00e0 tricoter etc\u2026)<\/li>\n\n\n\n<li><strong>Les fringues<\/strong> Homme\/Femme\/Enfant (pantalons, pulls, sacs, chaussures etc\u2026)<\/li>\n\n\n\n<li><strong>La bouquinerie<\/strong> (livres, CD, DVD, affiches, cartes postales etc\u2026)<\/li>\n\n\n\n<li><strong>Les meubles<\/strong> (tables, chaises, armoires, lits, bureaux, canap\u00e9s etc\u2026)<\/li>\n\n\n\n<li><strong><a href=\"http:\/\/leschiffonniersmorlaix.fr\/?page_id=1282\">L\u2019espace Cr\u00e9ateur<\/a><\/strong> <\/li>\n\n\n\n<li><strong>Le Bric \u00e0 Brac<\/strong> (casseroles, bibelots, couverts, lampes etc\u2026)<\/li>\n\n\n\n<li>Le coin <strong>\u00e9lectro et outillage<\/strong> (clous, machine \u00e0 laver, r\u00e2teaux, PC etc\u2026)<\/li>\n\n\n\n<li>A l\u2019ext\u00e9rieur, le dernier<strong> Bric \u00e0 Brac<\/strong> (meubles de jardin, v\u00e9los, lavabos etc\u2026)<\/li>\n<\/ul>\n\n\n\n<hr class=\"wp-block-separator has-text-color has-dark-red-color has-css-opacity has-dark-red-background-color has-background is-style-wide\"\/>\n\n\n\n<div class=\"wp-block-buttons is-layout-flex wp-block-buttons-is-layout-flex\"><\/div>\n","protected":false},"excerpt":{"rendered":"<p>Une \u00e9quipe engag\u00e9e \u00e9voluant dans un espace de 2000 m\u00b2 collecte, trie, vend du mobilier, du linge, de la vaisselle, des livres, des DVD, de l\u2019\u00e9lectro\u2026 Le magasin, route de Callac dispose d\u2019une diversit\u00e9 d\u2019objets hors du commun\u2026 Meubles, livres, vaisselle, outillage et tant de richesses insolites\u2026 Le magasin compte une dizaine de rayons dispatch\u00e9s &hellip; <a href=\"https:\/\/leschiffonniersmorlaix.fr\/?page_id=1267\" class=\"more-link\">Continuer la lecture<span class=\"screen-reader-text\"> de &laquo;&nbsp;Le Magasin&nbsp;&raquo;<\/span><\/a><\/p>\n","protected":false},"author":2,"featured_media":0,"parent":0,"menu_order":0,"comment_status":"closed","ping_status":"closed","template":"","meta":{"footnotes":""},"class_list":["post-1267","page","type-page","status-publish","hentry"],"jetpack_sharing_enabled":true,"_links":{"self":[{"href":"https:\/\/leschiffonniersmorlaix.fr\/index.php?rest_route=\/wp\/v2\/pages\/1267","targetHints":{"allow":["GET"]}}],"collection":[{"href":"https:\/\/leschiffonniersmorlaix.fr\/index.php?rest_route=\/wp\/v2\/pages"}],"about":[{"href":"https:\/\/leschiffonniersmorlaix.fr\/index.php?rest_route=\/wp\/v2\/types\/page"}],"author":[{"embeddable":true,"href":"https:\/\/leschiffonniersmorlaix.fr\/index.php?rest_route=\/wp\/v2\/users\/2"}],"replies":[{"embeddable":true,"href":"https:\/\/leschiffonniersmorlaix.fr\/index.php?rest_route=%2Fwp%2Fv2%2Fcomments&post=1267"}],"version-history":[{"count":10,"href":"https:\/\/leschiffonniersmorlaix.fr\/index.php?rest_route=\/wp\/v2\/pages\/1267\/revisions"}],"predecessor-version":[{"id":2420,"href":"https:\/\/leschiffonniersmorlaix.fr\/index.php?rest_route=\/wp\/v2\/pages\/1267\/revisions\/2420"}],"wp:attachment":[{"href":"https:\/\/leschiffonniersmorlaix.fr\/index.php?rest_route=%2Fwp%2Fv2%2Fmedia&parent=1267"}],"curies":[{"name":"wp","href":"https:\/\/api.w.org\/{rel}","templated":true}]}}